219. Calculate the remainder when d(-1) is divided by s(-3).
8
Suppose 4*v + 24 = 36. Suppose 52*d - 6 = 50*d. What is the remainder when 2/v - (-205)/d is divided by 14?
13
Suppose 0 = -4*m - 74 + 94. Suppose -65 = -m*z + 5*t, -4*t = -5*z - 2*t + 71. Calculate the remainder when 328 is divided by z.
13
Suppose 4*l + 0 - 8 = 0. Let n = -51 - -56. Calculate the remainder when n is divided by 2/l*(6 - 2).
1
Let x(m) = 8*m - 17. Let s = -63 - -195. Let q = s + -129. Calculate the remainder when x(q) is divided by 1.
0
Let h = -9056 + 10116. What is the remainder when h is divided by 113?
43
Suppose 2*n + 30*n = 2368. Let z = 162 - n. What is the remainder when z is divided by 10?
8
Let i = -10983 + 11112. Calculate the remainder when 686 is divided by i.
41
Let v(d) = d**2 + 14*d + 96. Let s be v(-9). Calculate the remainder when 39 is divided by ((-34)/s)/((-69)/63 + 1).
4
Suppose 0*w - 16 = -8*w. Suppose -w*z + 6*z = 92. Suppose -178*h + 450 = -173*h. Calculate the remainder when h is divided by z.
21
Suppose -92 = 4*x + 28. Let m = 6 + x. What is the remainder when 31 is divided by m/10*(-10)/(-3)*-2?
15
Suppose -12*o = 1496 - 7472. What is the remainder when o is divided by 81?
12
Suppose 431 = 30*j - 1079 - 1730. What is the remainder when j is divided by 36?
0
Suppose 0 = 5*g - 3*a - 4 - 2, 2*g + 5*a = -10. Suppose g = -8*o - 4*o - 180. Let l = o - -44. Calculate the remainder when l is divided by 8.
5
Let h = -1 + 19. What is the remainder when 1251/7 + (-1452)/(-231) + -6 is divided by h?
17
Let w be 3*3/27*-31*3. Let b = 113 + w. Suppose b*t + 96 = 88*t. What is the remainder when t is divided by 9?
7
Suppose -i + 111 = -331. Let h = i - 408. What is the remainder when 128 is divided by h?
26
Let u be 16*((-27)/(-6) + -6). Calculate the remainder when u/(-28)*210/10 is divided by 5.
3
Let v(c) be the first derivative of 3*c**2/2 - 8*c - 13. Let h be v(4). What is the remainder when 63 is divided by (-7 + h)/(12/(-88))?
19
Suppose -217*t + 10790 = -832 - 7040. What is the remainder when 1396 is divided by t?
20
Let h(u) = 6*u**2 - 323*u - 2633. Calculate the remainder when h(-8) is divided by 72.
47
Let c be (288/(-192))/(2/(-4) + 0). Suppose 4*n - 256 = 4*v, v = -c*n - v + 217. What is the remainder when 141 is divided by n?
3
Let w = 584 - 570. What is the remainder when 2267 is divided by w?
13
Let q(j) = 762*j - 10425. What is the remainder when 451 is divided by q(14)?
208
Let y(f) = -f + 127*f**3 + 3*f - 5*f**2 - 128*f**3 - 14. Calculate the remainder when 8/(-12) - (-572)/12 is divided by y(-6).
7
Let v = 13610 + -12821. Calculate the remainder when v is divided by 71.
8
What is the remainder when (-1116)/(-2) - (-136 - -145) is divided by 37?
31
Calculate the remainder when 47094/(-423)*-3*(0 + 1) is divided by 11.
4
Let l(b) = -b**3 + 24*b**2 + 3*b - 26. What is the remainder when 211 is divided by l(24)?
27
Suppose -90 + 1498 = -11*m. Let j(t) = -t**2 + 6*t + 5. Calculate the remainder when 1/(3/(-15) + m/(-540)) is divided by j(5).
7
Let t(b) = 79*b**3 + 2*b**2 + 298*b - 895. What is the remainder when t(3) is divided by 44?
38
Let f be (-3 + 3 - 0) + 2. Suppose 4*x = -4*q, -f*x - q + 35 = -6*q. Calculate the remainder when 18 is divided by x + -2 - ((-2)/1)/2.
2
Suppose 8*w = 357 - 45. Calculate the remainder when 3273 is divided by w.
36
Suppose 2*b - 184 = -4*v, 7*b - 284*v + 285*v - 553 = 0. What is the remainder when 1*174 + (0 - -1) is divided by b?
19
Let m = 5302 + -5269. Calculate the remainder when 1415 is divided by m.
29
Let x be -15 - -8 - (-12 - -2). Calculate the remainder when (39/52)/(x*(-3)/(-96)) is divided by 5.
3
Let a(w) = 3*w + 4. Let h be a(2). Suppose 0 = 5*n + h, s = -5*n + 49 - 14. Suppose 43*c + 66 = s*c. Calculate the remainder when 228 is divided by c.
30
Let f(m) = -m**3 - 5*m**2 - m + 4. Let r be f(-4). Let u = -1439 + 1501. Let l = r + u. What is the remainder when l is divided by 14?
12
Calculate the remainder when 3501 is divided by 9 + 4 + (5 - -1) - 2.
16
Suppose -7*g + 3953 = 3540. What is the remainder when 114 is divided by g?
55
Suppose 42 = c - 27*y + 26*y, y = 2*c - 84. Calculate the remainder when 544 is divided by c.
40
Let k be -6*(15/6 + -3). Suppose 0 = j - k, 0 = -0*l + 3*l + 2*j - 141. Calculate the remainder when l is divided by (-16)/(-3)*(-3)/(-2).
5
Suppose -2*a - 1 = n - 4*n, -5*n = -a - 11. Suppose 4*s = 2*p - 30, -n*p + 59 = s - 0*s. Calculate the remainder when 129 is divided by p.
15
Let i(p) = -p**2 + 2*p - 6. Let v be i(0). Suppose -2*b - 108 = 4*b. Let n = v - b. What is the remainder when 33 is divided by n?
9
Let t be ((-438)/365)/((-3)/5). Suppose 3*d = -z + 106, 3*z - 2*z = -t. Calculate the remainder when d is divided by 14.
8
What is the remainder when 555 is divided by 6 + (-8 + 12 - -69)?
2
Suppose -2*u + 4*u - 430 = -4*h, 4*h = u - 245. Let n(k) = 26*k**2 - 95*k + 2. What is the remainder when u is divided by n(4)?
35
Let s(y) be the second derivative of 41*y**4/12 + y. Let n be s(1). Let k = n + -31. What is the remainder when 59 is divided by k?
9
Suppose -32*o - 34 = -34*o. Calculate the remainder when (104/16 + -8)*(-708)/9 is divided by o.
16
Let l(w) = -w**2 - 6*w + 4. Let o = 70 - 35. Let r = 29 - o. What is the remainder when l(r) is divided by 3?
1
Let b(f) = -222*f + 10338. What is the remainder when b(39) is divided by 245?
210
Let s = -10166 + 10489. Calculate the remainder when 5163 is divided by s.
318
Let g(s) = -s**2 - 9*s - 8. Suppose 0 = -10*m + 9*m - 6. What is the remainder when 46 is divided by g(m)?
6
Let k be 5/2*(5 + 404/(-20)). What is the remainder when 271 is divided by k/(-190) + 168/10?
16
Let a = 123 + -173. Calculate the remainder when 16 is divided by 15*12/a*(-20)/12.
4
Suppose 4*q + 0*q = 2*j + 10, 3*q - 2*j - 8 = 0. Let c be (-3)/(3 - 9/q). Suppose -c*n = 2*n - 304. What is the remainder when n is divided by 16?
12
Let p(k) = -k**2 - 23*k - 21. Calculate the remainder when 1006 is divided by p(-21).
19
Calculate the remainder when ((-2)/(-7) + 3111/(-427))/(1/(-291)) is divided by 204.
201
Suppose -3 = d, -107 = -2*o - 3*d - 2. Let b(l) = 22*l + 299. Calculate the remainder when b(-5) is divided by o.
18
Calculate the remainder when 652 is divided by 8372/27 + 44/(-594).
32
Let a(l) = -4*l - 10. Calculate the remainder when -1578*(-16)/672 + 9 + (-3)/(-7) is divided by a(-7).
11
Let p = -79 + 78. What is the remainder when ((-32)/(-3))/p*5175/(-300) is divided by 37?
36
Let d(a) = -13*a - 144. Let w be d(-27). Let t = -161 + w. What is the remainder when t is divided by 17?
12
Let d(i) = 8*i - 3. Let v = 171 + -59. What is the remainder when v is divided by d(4)?
25
Let j = -135 - -235. Let g = -55 + j. Let s = -358775 - -358788. What is the remainder when g is divided by s?
6
Suppose x - 75 = -4*x. Calculate the remainder when -3 + -295*-5*(-10)/(-250) is divided by x.
11
Suppose 3*r + 10*t = 1543, r - t - 435 = 75. What is the remainder when r is divided by 79?
37
Suppose 0 = -3*g + 3*d + 168, 5*g - 135 = -3*d + 145. What is the remainder when 410 is divided by g?
18
Let c be (-5)/((-15)/6) - -1. Suppose 45 = c*k - 18. What is the remainder when 9 - (-57 - (-32)/4) is divided by k?
16
Suppose 3*g - 5*x = 2146, -714 = -g + 17*x - 16*x. Let t = -419 + g. Calculate the remainder when t is divided by 100.
93
Let m(w) = -w**3 - 6*w**2 + 17*w - 31. Let g be m(-9). Let n = -172 + g. Let v = -100 - n. Calculate the remainder when 19 is divided by v.
6
Let z = -30 + 21. Let x = 23 + z. Let h(c) = -c**3 + 26*c**2 - 43*c - 52. Calculate the remainder when h(24) is divided by x.
12
What is the remainder when 286 is divided by 83 - 0*-6*(-7)/42?
37
Let j(d) = d**3 - 6*d**2 - 5*d + 54. Let o = 49 + -43. What is the remainder when j(o) is divided by 4?
0
Suppose 10 = 4*q - 3*q. Let u(y) be the third derivative of 7*y**4/24 - 3*y**3/2 + y**2 - 29. What is the remainder when u(5) is divided by q?
6
Suppose -5*n = 2*j - 55, -2*j = -5*n + 2*j + 55. Suppose 2301*i = 2074*i + 14755. Calculate the remainder when i is divided by n.
10
Suppose -w + 157 = -97. Let t = w + -169. Suppose -b = 3*s - 27, 0*b - 5*b + 149 = s. Calculate the remainder when t is divided by b.
25
Suppose 21*s - 58*s = -6475. Suppose y - 5*y = -144. What is the remain